64.
16
What is the highest common divisor of 22 and 18854?
22
Calculate the greatest common divisor of 60720 and 33.
33
Calculate the highest common factor of 1288 and 161.
161
Calculate the greatest common factor of 156 and 728.
52
What is the greatest common factor of 306 and 3842?
34
What is the highest common factor of 76 and 190?
38
What is the greatest common factor of 123 and 164?
41
Calculate the greatest common divisor of 5041 and 71.
71
Calculate the highest common factor of 150 and 50.
50
Calculate the highest common divisor of 65 and 2678.
13
Calculate the highest common factor of 95 and 25.
5
What is the highest common factor of 80 and 730?
10
Calculate the greatest common divisor of 219 and 3.
3
Calculate the greatest common factor of 301 and 473.
43
Calculate the greatest common factor of 1608 and 132.
12
What is the highest common factor of 2507 and 218?
109
Calculate the greatest common factor of 920 and 3404.
92
What is the highest common factor of 4 and 104?
4
Calculate the greatest common factor of 2013 and 33.
33
What is the greatest common divisor of 60 and 29460?
60
What is the highest common factor of 33 and 33?
33
Calculate the highest common divisor of 187 and 17.
17
What is the greatest common factor of 36 and 396?
36
Calculate the greatest common divisor of 282 and 6.
6
What is the highest common divisor of 4 and 37?
1
Calculate the greatest common divisor of 135 and 165.
15
What is the greatest common divisor of 20439 and 27?
27
Calculate the highest common divisor of 98 and 280.
14
Calculate the highest common divisor of 73 and 8906.
73
Calculate the greatest common factor of 450 and 9.
9
What is the greatest common divisor of 834 and 4726?
278
Calculate the greatest common factor of 99 and 594.
99
What is the highest common factor of 32 and 52?
4
What is the highest common divisor of 3344 and 2?
2
Calculate the greatest common factor of 48 and 12752.
16
Calculate the highest common factor of 96 and 34464.
96
Calculate the greatest common factor of 7 and 189.
7
Calculate the highest common factor of 13502 and 86.
86
Calculate the greatest common divisor of 87 and 319.
29
Calculate the highest common divisor of 88 and 8.
8
What is the greatest common factor of 3910 and 115?
115
What is the highest common divisor of 310 and 10?
10
Calculate the highest common divisor of 36 and 1296.
36
What is the highest common factor of 144 and 144?
144
Calculate the highest common divisor of 36 and 1197.
9
What is the greatest common divisor of 135 and 1635?
15
What is the greatest common factor of 161 and 115?
23
Calculate the greatest common factor of 160 and 200.
40
What is the highest common factor of 11 and 319?
11
Calculate the greatest common factor of 12 and 4.
4
Calculate the highest common divisor of 35454 and 19.
19
Calculate the highest common factor of 35 and 6895.
35
What is the highest common factor of 287 and 82?
41
Calculate the greatest common divisor of 2 and 1239.
1
Calculate the greatest common factor of 6896 and 16.
16
Calculate the highest common divisor of 92 and 69.
23
What is the highest common factor of 243 and 3?
3
What is the greatest common factor of 14 and 1351?
7
Calculate the greatest common divisor of 28 and 13636.
28
What is the greatest common factor of 1241 and 657?
73
Calculate the greatest common factor of 304 and 8968.
152
What is the greatest common factor of 4260 and 120?
60
What is the highest common divisor of 684 and 612?
36
Calculate the greatest common factor of 195 and 260.
65
What is the greatest common divisor of 15785 and 1155?
385
What is the highest common factor of 792 and 36?
36
What is the greatest common divisor of 26 and 78?
26
Calculate the highest common factor of 259 and 1591.
37
Calculate the highest common divisor of 20828 and 164.
164
What is the greatest common factor of 3226 and 2?
2
Calculate the greatest common divisor of 340 and 22270.
170
What is the highest common divisor of 828 and 18?
18
What is the highest common factor of 2943 and 545?
109
What is the highest common divisor of 618 and 6?
6
Calculate the greatest common factor of 44 and 4.
4
Calculate the highest common factor of 896 and 12.
4
Calculate the greatest common divisor of 70 and 1140.
10
What is the highest common divisor of 315 and 36?
9
Calculate the highest common factor of 23298 and 132.
66
Calculate the greatest common factor of 69 and 26151.
69
Calculate the highest common factor of 6 and 42.
6
What is the greatest common divisor of 725 and 29?
29
Calculate the highest common divisor of 45 and 5.
5
What is the greatest common divisor of 9 and 654?
3
Calculate the highest common factor of 441 and 189.
63
What is the highest common divisor of 1683 and 1224?
153
What is the highest common divisor of 2623 and 244?
61
What is the highest common factor of 85 and 119?
17
What is the greatest common divisor of 21 and 22323?
21
What is the highest common factor of 507 and 117?
39
Calculate the highest common factor of 208 and 390.
26
Calculate the highest common divisor of 70 and 3710.
70
Calculate the highest common factor of 9999 and 11.
11
Calculate the greatest common factor of 3325 and 350.
175
Calculate the greatest common divisor of 4161 and 513.
57
Calculate the greatest common divisor of 246 and 624.
6
What is the greatest common divisor of 11 and 1111?
11
Calculate the greatest common divisor of 534 and 12.
6
What is the greatest common divisor of 221 and 17?
17
What is the highest common divisor of 62 and 13082?
62
What is the greatest common divisor of 32990 and 10?
10
What is the highest common divisor of 12 and 4404?
12
What is the greatest common factor of 286 and 39?
13
Calculate the highest common divisor of 1152 and 156.
12
Calculate the greatest common factor of 1725 and 2530.
115
Calculate the greatest common factor of 102 and 18.
6
Calculate the greatest common factor of 39 and 377.
13
Calculate the highest common divisor of 2877 and 21.
21
What is the highest common factor of 384 and 2136?
24
Calculate the highest common divisor of 81 and 252.
9
Calculate the highest common divisor of 33 and 10747.
11
What is the highest common divisor of 208 and 16432?
208
What is the highest common factor of 7206 and 18?
6
What is the greatest common factor of 1080 and 27?
27
Calculate the greatest common factor of 12 and 128.
4
Calculate the highest common factor of 13 and 403.
13
What is the highest common divisor of 18836 and 136?
68
Calculate the greatest common divisor of 28 and 1372.
28
Calculate the highest common factor of 140 and 910.
70
What is the highest common divisor of 5 and 395?
5
Calculate the highest common divisor of 20 and 3460.
20
What is the highest common factor of 4480 and 16?
16
What is the highest common divisor of 28431 and 39?
39
Calculate the highest common divisor of 77 and 7.
7
Calculate the highest common divisor of 2451 and 627.
57
Calculate the highest common factor of 72 and 13692.
12
What is the highest common divisor of 783 and 189?
27
What is the greatest common factor of 21 and 903?
21
Calculate the highest common factor of 999 and 555.
111
What is the highest common divisor of 189 and 301?
7
What is the highest common divisor of 25 and 1?
1
Calculate the greatest common factor of 78 and 4251.
39
Calculate the greatest common divisor of 32 and 32.
32
Calculate the greatest common divisor of 1551 and 4089.
141
What is the greatest common factor of 1 and 1?
1
Calculate the greatest common factor of 351 and 156.
39
Calculate the greatest common divisor of 65 and 3133.
13
What is the highest common factor of 4726 and 136?
34
What is the greatest common factor of 114 and 38?
38
What is the highest common factor of 21 and 84?
21
Calculate the highest common divisor of 697 and 123.
41
What is the highest common factor of 90 and 1395?
45
Calculate the highest common divisor of 66 and 1298.
22
Calculate the greatest common factor of 45 and 45.
45
What is the highest common factor of 56 and 680?
8
Calculate the highest common divisor of 64 and 40.
8
Calculate the greatest common divisor of 4690 and 42.
14
What is the highest common divisor of 205 and 6929?
41
What is the greatest common divisor of 32 and 80?
16
Calculate the highest common factor of 29317 an